e?
True
Is 1587090943 a composite number?
True
Is 11383589 a prime number?
False
Is 777710303 prime?
True
Is 2268619867 composite?
False
Is 658908907 prime?
True
Is 25739161411 a composite number?
False
Is 1130438011 composite?
False
Is 101866367 prime?
True
Is 54510363707 prime?
True
Is 231828809 composite?
False
Is 1639593507 a composite number?
True
Is 52139450239 composite?
True
Is 1987090667 composite?
True
Is 3864772855 prime?
False
Is 77636137 composite?
True
Is 29336108963 composite?
True
Is 2338954937 a prime number?
False
Is 22419063977 a prime number?
True
Is 5763803579 prime?
True
Is 40276703473 a prime number?
True
Is 22389779927 composite?
True
Is 8532923 a composite number?
True
Is 1521511699 composite?
True
Is 38687713 a composite number?
False
Is 377465771 composite?
False
Is 465450707 a prime number?
True
Is 8951152978 a composite number?
True
Is 25885840841 a prime number?
False
Is 12102038237 composite?
True
Is 4985183363 a prime number?
True
Is 1017495641 composite?
True
Is 259184063 prime?
True
Is 17474543511 a composite number?
True
Is 10760539297 composite?
False
Is 1899097349 a prime number?
True
Is 25606846523 a prime number?
False
Is 6375727513 composite?
False
Is 2711185019 composite?
False
Is 9346634923 a prime number?
True
Is 36577595105 a prime number?
False
Is 80663314981 prime?
False
Is 81590293671 a composite number?
True
Is 4462624807 a prime number?
False
Is 264552667417 a composite number?
True
Is 8100025067 composite?
True
Is 2951302063 a composite number?
True
Is 9287223457 a composite number?
False
Is 1441321303 a composite number?
True
Is 1781435419 composite?
False
Is 14208380969 prime?
False
Is 506774861 composite?
False
Is 839768485 composite?
True
Is 340552757 a prime number?
True
Is 39241921 a composite number?
True
Is 161167438223 prime?
False
Is 351895507 prime?
True
Is 24194968459 prime?
False
Is 4889838529 a composite number?
False
Is 5566288757 a composite number?
True
Is 49456775243 prime?
True
Is 3035859523 prime?
False
Is 7067652673 a prime number?
False
Is 1399401859 composite?
False
Is 10546566826 composite?
True
Is 19787479 a composite number?
True
Is 1029005949 a composite number?
True
Is 16553171299 prime?
False
Is 35097577 a prime number?
True
Is 4647185269 a prime number?
False
Is 4514723503 a prime number?
True
Is 806581723 composite?
True
Is 147392036867 a prime number?
False
Is 1145026763 a composite number?
True
Is 1351254563 composite?
True
Is 22111549 composite?
False
Is 8946607651 a prime number?
True
Is 62538506479 a prime number?
False
Is 561437693 prime?
True
Is 2582052091 a prime number?
False
Is 12669924821 composite?
False
Is 114753307 prime?
False
Is 175645912043 composite?
True
Is 530205235999 a composite number?
False
Is 8518997063 composite?
True
Is 1856685535 prime?
False
Is 1123297523 a composite number?
True
Is 2684428729 prime?
True
Is 11598166799 a prime number?
True
Is 71196628105 prime?
False
Is 2791370987 a composite number?
False
Is 46064254897 a prime number?
False
Is 2046936239 composite?
False
Is 2246635199 a composite number?
False
Is 187026199 prime?
False
Is 2650492189 a composite number?
True
Is 3706833373 composite?
False
Is 64645798073 prime?
True
Is 2514679535 a prime number?
False
Is 2810344903 a composite number?
True
Is 1722268239 composite?
True
Is 153948046907 composite?
False
Is 6292283315 a prime number?
False
Is 4313517251 composite?
True
Is 4833775927 composite?
True
Is 504550957 prime?
False
Is 2943154961 a composite number?
False
Is 357053903 a prime number?
False
Is 310404461 composite?
True
Is 199659469 prime?
True
Is 54161567183 a composite number?
True
Is 7374157369 a composite number?
False
Is 4845082513 a prime number?
True
Is 8038251589 composite?
False
Is 71763379253 a prime number?
True
Is 27092686022 a composite number?
True
Is 8840087653 a composite number?
True
Is 682010911 composite?
True
Is 74754034889 composite?
True
Is 28682979593 a composite number?
False
Is 48424073 a prime number?
False
Is 353736451 a prime number?
True
Is 627352303 composite?
True
Is 21745371943 prime?
True
Is 4751647387 a prime number?
True
Is 6021785797 a composite number?
False
Is 4520401205 composite?
True
Is 29975963261 a composite number?
False
Is 1814911037 a prime number?
True
Is 2312237497 a prime number?
True
Is 11244721483 composite?
True
Is 1877811263 a composite number?
True
Is 76697899 composite?
True
Is 621750809 a prime number?
False
Is 737716933 composite?
True
Is 15511953103 prime?
True
Is 3499496383 composite?
False
Is 227781233 prime?
False
Is 34525277389 prime?
True
Is 58867082879 composite?
True
Is 1104798791 a prime number?
True
Is 1700077009 a prime number?
True
Is 13918344457 prime?
True
Is 15171189529 prime?
False
Is 3087210647 prime?
False
Is 10259433689 a prime number?
True
Is 1082664769 a composite number?
False
Is 2503737454 composite?
True
Is 16771982551 a composite number?
False
Is 109178956529 prime?
True
Is 7320489947 a composite number?
True
Is 576766579 a prime number?
True
Is 2078693941 composite?
False
Is 215744461 a prime number?
False
Is 153359897 a composite number?
False
Is 270970741 prime?
False
Is 6040880309 composite?
True
Is 130990304539 a composite number?
False
Is 311814574 composite?
True
Is 3397554647 a prime number?
False
Is 13285577083 prime?
False
Is 601990229 prime?
True
Is 129051649 composite?
True
Is 5250198001 a prime number?
True
Is 4693846283 a prime number?
False
Is 4291658671 a prime number?
False
Is 1667378987 a prime number?
False
Is 1488163343 a prime number?
True
Is 7397200927 a composite number?
False
Is 8016630569 a composite number?
False
Is 831458087 a composite number?
True
Is 13088883 a composite number?
True
Is 19804413679 composite?
True
Is 13713841943 composite?
False
Is 109295021 prime?
False
Is 269052943 prime?
False
Is 2944512719 prime?
True
Is 21636978801 prime?
False
Is 29248765301 prime?
False
Is 594801041 a prime number?
False
Is 3236948531 composite?
False
Is 279816181 a composite number?
True
Is 50251091597 prime?
False
Is 1292296937 composite?
False
Is 137617288961 a composite number?
False
Is 531768607 prime?
True
Is 22742114909 prime?
False
Is 63938687113 prime?
False
Is 2582179753 a composite number?
True
Is 311218969 a composite number?
False
Is 5010419573 a composite number?
True
Is 46968570059 a prime number?
False
Is 1470694303 composite?
True
Is 33663077941 a prime number?
False
Is 2000925197 prime?
True
Is 81381926 prime?
False
Is 9515205319 a composite number?
True
Is 27203176643 prime?
False
Is 2842041169 a composite number?
True
Is 53027179813 prime?
True
Is 12953374033 prime?
True
Is 10099692637 prime?
True
Is 392715833 a composite number?
False
Is 6537003857 composite?
True
Is 252642517 prime?
True
Is 708757339 a composite number?
False
Is 2315087473 prime?
True
Is 36628133 composite?
True
Is 67189194073 composite?
True
Is 76292143271 prime?
False
Is 6706202367 prime?
False
Is 1904754259 a composite number?
True
Is 457165243 prime?
True
Is 624123491 composite?
False
Is 51281539921 a prime number?
True
Is 9686751911 a composite number?
False
Is 2278000169 prime?
True
Is 476548427 a composite number?
True
Is 973396631 a prime number?
True
Is 359681603 composite?
True
Is 2846753341 a composite number?
False
Is 2489662157 a prime number?
False
Is 891605701 a prime number?
False
Is 125893015897 prime?
False
Is 1614188291 prime?
True
Is 72701431 a prime number?
False
Is 154265137 a prime number?
False
Is 1536086309 prime?
True
Is 2804482687 a composite number?
False
Is 3629312413 a prime number?
True
Is 337391567 a prime number?
False
Is 830571353 prime?
True
Is 3546459001 composite?
True
Is 15063027637 prime?
False
Is 10834257817 prime?
False
Is 7801082363 prime?
False
Is 77367310333 composite?
False
Is 20475508763 composite?
False
Is 406064101 a prime number?
True
Is 303430901 composite?
True
Is 12451590223 composite?
True
Is 22326895769 a prime number?
True
Is 3165056131 a prime number?
False
Is 2351940263 a composite number?
False
Is 551874283 a composite number?
False
Is 5702134601 composite?
True
Is 215595031 a composite number?
True
Is 1989710303 composite?
True
Is 3479309367 composite?
True
Is 16422030446 a composite number?
True
Is 7688337799 a pr